431904?
True
Is 1820992 a multiple of 592?
True
Is 164632 a multiple of 80?
False
Is 61104 a multiple of 24?
True
Is 6948 a multiple of 36?
True
Does 12 divide 344424?
True
Is 5050290 a multiple of 70?
True
Is 145080 a multiple of 36?
True
Is 1321344 a multiple of 36?
True
Is 35 a factor of 10633630?
True
Is 15716894 a multiple of 57?
False
Does 733 divide 3131143?
False
Does 304 divide 2434351?
False
Does 22 divide 393474?
False
Does 186 divide 505515?
False
Is 13453048 a multiple of 69?
False
Is 7 a factor of 44919?
True
Does 462 divide 2307690?
True
Does 94 divide 337460?
True
Is 11 a factor of 614911?
True
Is 1160412 a multiple of 64?
False
Does 554 divide 107623?
False
Is 812 a factor of 4613784?
True
Does 266 divide 287546?
True
Is 38 a factor of 71448?
False
Is 21 a factor of 4200525?
True
Is 46809 a multiple of 6?
False
Is 5777154 a multiple of 18?
True
Does 11 divide 244427?
False
Is 69498 a multiple of 13?
True
Is 7166302 a multiple of 143?
True
Is 1449339 a multiple of 29?
False
Is 335080 a multiple of 4?
True
Is 29 a factor of 803851?
True
Is 672237 a multiple of 9?
True
Is 10766 even?
True
Is 201984 a multiple of 96?
True
Is 2283961 a multiple of 32?
False
Does 213 divide 169548?
True
Does 22 divide 593912?
True
Is 122919 a multiple of 268?
False
Is 887128 a multiple of 17?
True
Is 660792 a multiple of 26?
False
Is 19 a factor of 40907?
True
Is 18 a factor of 202905?
False
Is 37 a factor of 1661041?
True
Does 7 divide 46980?
False
Does 75 divide 66450?
True
Does 46 divide 1128242?
True
Is 168741 a multiple of 5?
False
Is 62 a factor of 407250?
False
Does 8 divide 5750?
False
Is 20 a factor of 91838?
False
Is 3 a factor of 83657?
False
Does 15 divide 171089?
False
Does 48 divide 97392?
True
Does 193 divide 307093?
False
Is 446 a factor of 1333824?
False
Does 99 divide 5818923?
True
Is 159651 a multiple of 4?
False
Is 10 a factor of 665600?
True
Is 3134516 a multiple of 154?
True
Does 22 divide 2119393?
False
Is 98494 a multiple of 26?
False
Is 38 a factor of 400122?
False
Is 3 a factor of 7206?
True
Does 781 divide 1733198?
False
Does 17 divide 286705?
True
Does 29 divide 2692536?
False
Is 1592550 a multiple of 6?
True
Does 28 divide 1946840?
True
Does 15 divide 38377392?
False
Does 5 divide 47543?
False
Does 2 divide 779659?
False
Does 14 divide 23982499?
False
Does 66 divide 486187?
False
Is 47 a factor of 40050?
False
Does 156 divide 6209004?
False
Is 73212 a multiple of 30?
False
Does 174 divide 621010?
False
Is 626 a factor of 6308307?
False
Is 3076260 a multiple of 20?
True
Does 94 divide 1393957?
False
Is 170 a factor of 2952981?
False
Is 73 a factor of 211222?
False
Does 13 divide 44925?
False
Is 1323520 a multiple of 376?
True
Does 10 divide 17778?
False
Is 8383021 a multiple of 44?
False
Is 13 a factor of 11883?
False
Is 2127235 a multiple of 34?
False
Does 2 divide 1605989?
False
Is 765478 a multiple of 749?
True
Is 25 a factor of 1836324?
False
Is 455397 a multiple of 3?
True
Is 24 a factor of 68568?
True
Is 37 a factor of 172935?
False
Is 2 a factor of 23737?
False
Is 6789200 a multiple of 550?
True
Does 1392 divide 3866520?
False
Is 587 a factor of 2394429?
False
Is 25673 a multiple of 220?
False
Is 388790 a multiple of 85?
True
Is 688 a factor of 8929416?
False
Does 55 divide 228809?
False
Does 32 divide 28032?
True
Is 1271419 a multiple of 17?
False
Does 3 divide 14986?
False
Is 5060416 a multiple of 8?
True
Is 595722 a multiple of 258?
True
Does 57 divide 634783?
False
Is 104924 a multiple of 31?
False
Is 5104596 a multiple of 469?
True
Is 4696930 a multiple of 70?
True
Is 326635 a multiple of 3?
False
Does 45 divide 116235?
True
Is 8 a factor of 41480?
True
Does 1178 divide 1881535?
False
Is 962247 a multiple of 51?
False
Is 549445 a multiple of 252?
False
Does 15 divide 2717055?
True
Does 16 divide 335816?
False
Is 5 a factor of 431300?
True
Is 370706 a multiple of 36?
False
Is 2911232 a multiple of 1024?
True
Is 1731620 a multiple of 935?
True
Is 7 a factor of 22575?
True
Is 4803219 a multiple of 513?
True
Is 27075 a multiple of 57?
True
Is 2017208 a multiple of 258?
False
Is 101 a factor of 1028299?
False
Is 44895 a multiple of 55?
False
Is 1388547 a multiple of 53?
True
Does 6 divide 809878?
False
Is 210 a factor of 1050000?
True
Does 63 divide 612549?
True
Is 17 a factor of 2330947?
False
Does 64 divide 2034061?
False
Does 50 divide 607159?
False
Is 2041568 a multiple of 454?
False
Is 158 a factor of 4114911?
False
Does 12 divide 689976?
True
Does 613 divide 856361?
True
Does 8 divide 139423?
False
Is 517 a factor of 28952?
True
Is 11265 a multiple of 8?
False
Is 132 a factor of 50292?
True
Does 35 divide 8286880?
True
Is 17364 a multiple of 30?
False
Does 189 divide 2217915?
True
Does 1539 divide 8320016?
False
Is 697 a factor of 1260873?
True
Is 6210032 a multiple of 79?
True
Does 629 divide 451509?
False
Is 1060 a factor of 16801711?
False
Does 268 divide 805340?
True
Is 5645870 a multiple of 34?
True
Is 25 a factor of 165325?
True
Is 16 a factor of 14122112?
True
Does 388 divide 870574?
False
Does 64 divide 732589?
False
Does 38 divide 1776713?
False
Is 281999 a multiple of 16?
False
Is 24 a factor of 1322412?
False
Does 23 divide 1447?
False
Is 529123 a multiple of 152?
False
Is 347 a factor of 358798?
True
Does 81 divide 279264?
False
Is 8 a factor of 55424?
True
Is 677 a factor of 1154285?
True
Does 98 divide 83594?
True
Is 248 a factor of 18006?
False
Does 10 divide 41844?
False
Is 29274574 a multiple of 41?
True
Does 9 divide 7707369?
False
Does 130 divide 199640?
False
Is 86040 a multiple of 40?
True
Is 8 a factor of 93192?
True
Does 13 divide 116208?
False
Does 969 divide 15021438?
True
Is 6372058 a multiple of 154?
True
Does 37 divide 587634?
True
Is 8176176 a multiple of 16?
True
Is 97914 a multiple of 65?
False
Does 7 divide 350903?
True
Is 17 a factor of 1570203?
False
Does 673 divide 443507?
True
Does 41 divide 2432827?
False
Does 237 divide 13373436?
True
Does 613 divide 150798?
True
Is 36 a factor of 384737?
False
Does 114 divide 452044?
False
Does 26 divide 2395458?
True
Is 59297 a multiple of 9?
False
Is 34 a factor of 4328880?
True
Does 13 divide 291730?
False
Is 30 a factor of 297210?
True
Is 25545 a multiple of 3?
True
Does 141 divide 167923?
False
Is 4560352 a multiple of 17?
True
Is 11421 a multiple of 81?
True
Is 530464 a multiple of 121?
True
Is 404278 a multiple of 114?
False
Is 89 a factor of 9892717?
False
Is 2863100 a multiple of 25?
True
Does 331 divide 144647?
True
Is 11 a factor of 192698?
True
Does 39 divide 11851047?
True
Is 198880 a multiple of 176?
True
Is 42 a factor of 928662?
True
Does 3 divide 1704777?
True
Is 448 a factor of 1769152?
True
Does 889 divide 996069?
False
Does 10 divide 35591?
False
Does 11 divide 398239?
False
Is 25 a factor of 11554050?
True
Does 334 divide 93520?
True
Is 332 a factor of 7316284?
True
Is 38 a factor of 83?
False
Does 339 divide 130176?
True
Does 952 divide 21721239?
False
Is 58 a factor of 1537000?
True
Is 491 a factor of 784850?
False
Does 33 divide 49302?
True
Is 5 a factor of 48077?
False
Does 18 divide 1528703?
False
Does 15 divide 4140?
True
Is 39 a factor of 1812252?
True
Does 776 divide 458644?
False
Is 1255680 a multiple of 139?
False
Does 15 divide 261810?
True
Does 115 divide 714811?
False
Does 508 divide 116840?
True
Is 90 a factor of 1049760?
True
Does 416 divide 4078048?
True
Is 3231100 a multiple of 79?
True
Does 458 divide 163964?
True
Does 33 divide 3530175?
True
Is 36 a factor of 12474648?
True
Does 33 divide 11086481?
False
Is 200 a factor of 17941?
False
Does 15 divide 10699500?
True
Is 26 a factor of 36738?
True
Is 19631 a multiple of 67?
True
Is 62118 a multiple of 21?
True
Does 18 divide 165186?
True
Does 12 divide 822084?
True
Is 121 a factor of 1925176?
False
Is 640 a multiple of 4?
True
Is 30688 a multiple of 224?
True
Is 6 a factor of 173468?
False
Does 43 divide 8855334?
True
Is 242208 a multiple of 36?
True
Is 20 a factor of 5724?
False
Does 33 divide 1113385?
False
Does 70 divide 320699?
False
Is 186004 a multiple of 4?
True
Is 18 a factor of 1898387?
False
Is 789 a factor of 17963952?
True
Is 59947 a multiple of 1103?
False
Is 98 a factor of 265007?
False
Does 4 divide 5836432?
True
Is 12 a factor of 